/(2/d) is divided by 25.
23
Let u = 15 + -6. What is the remainder when 41 is divided by u?
5
Suppose -4*x - 1 + 9 = 0. What is the remainder when 2 is divided by x?
0
Let n = 3 - 3. Let d(k) = k**3 - k**2 + k + 14. Let c be d(n). Let b = c + 2. What is the remainder when 46 is divided by b?
14
Let g = 96 + -57. Calculate the remainder when g is divided by 10.
9
Let f = -11 - -16. Let o = -23 - -25. Calculate the remainder when f is divided by o.
1
Let l = -142 + 150. What is the remainder when 17 is divided by l?
1
Let b be (-1 - 0)*-1*4. Suppose 3*t + 7 = d, -5*t - 42 = -b*d - 0*d. What is the remainder when 23 is divided by d?
10
Suppose -3*q + 2*u = 33, -4*q + 3*u - 7 = 38. Let x(i) = -i - 7. What is the remainder when x(q) is divided by (-4*1)/((-4)/2)?
0
Let z(i) = -i**2 + 11*i + 15. Let v = -19 - -28. Calculate the remainder when z(11) is divided by v.
6
What is the remainder when (-222)/(-4 + 1) + 4 is divided by 16?
14
Let p be (-1)/(-2) - 1768/(-16). Let o = p + -45. What is the remainder when o is divided by 17?
15
Suppose -2*i + 3*i = 24. Calculate the remainder when 69 is divided by i.
21
Suppose -5*f + 296 = 21. Suppose 5*j + 0*j = f. What is the remainder when j is divided by 44/7 + 2/(-7)?
5
Let u(a) = -5*a - 21. Calculate the remainder when 110 is divided by u(-10).
23
Let f = -83 - -124. Let h = f + -27. What is the remainder when 27 is divided by h?
13
Suppose 4*q = -3*m + 53, 0*m + 35 = 4*q - 3*m. What is the remainder when q is divided by 4?
3
What is the remainder when 26 is divided by (6/(-8))/((-71)/(-12) - 6)?
8
Let d(q) = -2*q - 10. Let t be d(-7). Calculate the remainder when 8 is divided by 3 + t/12*6.
3
Let s = 10 + 48. Calculate the remainder when s is divided by 15.
13
Let c = 6 - 4. Let k = 10 - c. Let f = -1 + k. Calculate the remainder when 19 is divided by f.
5
Suppose -3*d = 16 + 2. Let k be 18/(d/9*-1). Suppose 2*x - 18 = -2*y, 4*x - k = -5*y + 2*y. What is the remainder when 26 is divided by y?
8
What is the remainder when 23 is divided by (2 - 3) + (10 - 1)?
7
Let h(u) = 17*u + 1. Calculate the remainder when h(3) is divided by (-2)/(-8) + 440/32 + 4.
16
Let q be (1/2)/(2/12). Suppose q*d = -3*n + 10 + 11, n + 5*d - 15 = 0. Let o = n - -15. What is the remainder when o is divided by 7?
6
Let o(f) be the third derivative of f**6/120 + 13*f**5/60 + 11*f**4/24 - 5*f**3/3 + 4*f**2. What is the remainder when 5 is divided by o(-12)?
1
Suppose 6*w = w - 2*p + 31, 0 = -w - 4*p + 17. Suppose -3*i + 9 = 0, -o - i - 13 = -3*o. Calculate the remainder when o is divided by w.
3
Let q(c) = c**2 - 13*c + 13. Let m = -29 + 42. What is the remainder when q(m) is divided by 5?
3
Let r(p) = -2 + 0 + 5 + p**3 - 8*p**2 + 10*p. What is the remainder when r(7) is divided by 13?
11
Let s be 6/3*2/(-1). Let l(m) = -m. Calculate the remainder when l(s) is divided by 2.
0
Let p be (3 - 0) + (-1)/1. Suppose -p*h + 2 = 16. What is the remainder when 2/h + 846/21 is divided by 14?
12
Let g(f) = -f**2 - f + 4. Suppose 0 = 20*y - 15*y. What is the remainder when 27 is divided by g(y)?
3
Let h(z) = -z**3 + 8*z**2 - 7*z. Let q be h(6). Suppose -5*a + q = -2*a. Calculate the remainder when 19 is divided by a.
9
Let j(z) = -z + 24. What is the remainder when 54 is divided by j(5)?
16
Let a be 10/4*(-528)/(-40). Suppose 5*m - 159 = -3*v + 5*v, -m + v = -a. What is the remainder when m is divided by 11?
9
Suppose 0 = -2*f - 4*q - 6, -f = -0*f - 2*q - 17. Suppose 2*u - f*u = -65. Suppose -h + 0*h = -5. What is the remainder when u is divided by h?
3
Suppose 272 - 32 = 15*r. Let d(j) = -6*j - 6. What is the remainder when d(-6) is divided by r?
14
Calculate the remainder when (-1 - (-58)/(-4))/((-4)/16) is divided by 16.
14
Let x(v) = v**2 - 13*v - 5. Let d be (156/65)/(6/40). Calculate the remainder when x(d) is divided by 22.
21
Suppose -21 - 43 = -4*k. Let u(n) = n**3 + 5*n**2 - 6*n + 6. Calculate the remainder when k is divided by u(-6).
4
Suppose 0 = -v - 21 - 19. What is the remainder when (-2)/(-3) + v/(-3) is divided by (2 - 2) + 4 + 4?
6
Let w(f) = 5*f**2 - 2*f - 7. What is the remainder when w(-5) is divided by 43?
42
Let w(h) = -h**2 - 5*h. Let u be w(-5). Suppose -2*q = -u*q - 12. What is the remainder when 11 is divided by q?
5
Suppose -2*g + 13 = -13. Let p = 3 + -1. Suppose p*j + 152 = 6*j. What is the remainder when j is divided by g?
12
Let h(a) = 3*a**2 - 8*a - 2. Suppose 4*s + 3*u - 30 = 2*s, -2*s = 4*u - 30. What is the remainder when h(6) is divided by s?
13
Let k = 2 - 2. Suppose -5 = -i, k*m - m + 5*i = 22. Suppose 7*q = m*q + 84. What is the remainder when q is divided by 11?
10
Suppose -4*k + 32 = -4*s, 5*k - 47 = k + s. What is the remainder when 38 is divided by k?
12
Let a = -70 + 78. What is the remainder when 69 is divided by a?
5
Suppose 4*q = -10 + 90. What is the remainder when 97 is divided by q?
17
Let f(c) = -c**2 - 8*c - 6. Let v = -2 - -4. What is the remainder when f(-6) is divided by v?
0
Suppose -o - 2*a = 2*o - 55, 5*a = 3*o - 83. Calculate the remainder when o is divided by 14.
7
What is the remainder when 2/(1*1/17) is divided by 9?
7
Let s = -6 + 10. Let m be (-54)/8 - 1/s. Let d = -5 - m. Calculate the remainder when 3 is divided by d.
1
Let p(z) = z**3 + 8*z**2 + 6*z + 4. Let c = -8 + 15. Let l be (-117)/21 + (-3)/c. What is the remainder when p(l) is divided by 14?
12
Calculate the remainder when 5 + 1 - 2187/(-27) is divided by (-2 + 0)/(2/(-30)).
27
Suppose -q = 5*y - 9, 3*q - y - 15 = 12. Let r(i) = -12*i + 1. Let x be (6/4)/((-3)/4). Calculate the remainder when r(x) is divided by q.
7
Calculate the remainder when 64 is divided by 4/(-6)*507/(-26).
12
Let o(z) = -z**2 - z. Let c be o(2). Let g = 2 - c. Let h = 1 + 13. What is the remainder when h is divided by g?
6
Suppose 2*k - 33 = -f, 5*k = f + 13 + 59. Calculate the remainder when 72 is divided by k.
12
Suppose 2*g = -4*g + 42. What is the remainder when 19 is divided by g?
5
Let l(p) = -37*p + 1. Let g be l(-1). Let d = 66 - g. Suppose 22 = -5*v + 72. Calculate the remainder when d is divided by v.
8
Suppose -2 = 2*f - 4*f. Let p(q) = 9*q**3 + 3*q**2 - 4*q + 2. Calculate the remainder when 18 is divided by p(f).
8
Let a be (-6 + 6)/(0 + -1). Suppose a = w + w - 12. Suppose 2*u - 8 = -3*b + 33, 3*u - 2 = -b. What is the remainder when b is divided by w?
5
Let w(q) = 3*q**2. Suppose 9 = -3*k, 0*k + 3 = 3*o + k. Let c be w(o). Let y = c - 10. What is the remainder when y is divided by 2?
0
Calculate the remainder when 69 is divided by (-6*6/(-15))/(2/15).
15
Let j(a) be the first derivative of a**4/4 - 8*a**3/3 + 3*a**2/2 + 7*a + 1. Let d be j(7). What is the remainder when -1 + 1 - (d + 3) is divided by 10?
8
Let o(s) = -4*s**3 + 0*s**3 - 2*s**2 - 2*s - 1 - 3*s**3. Calculate the remainder when o(-1) is divided by 2.
0
Let h(k) = k**2 + 3 - 7*k + 2 - 2. Let x = -3 + 5. What is the remainder when h(7) is divided by x?
1
Let l = 15 + -14. Let x(f) = 65*f**2. Calculate the remainder when x(l) is divided by 17.
14
Suppose 3*q - 180 = -4*n, -2*n = -7*n - 4*q + 224. Calculate the remainder when n is divided by 17.
14
Let u = -11 + 6. Let k be (-2)/u - (-252)/(-30). Let v = k - -18. What is the remainder when 28 is divided by v?
8
Suppose -2*a + 1 + 5 = 0. Suppose 0 = 2*b - a*b + 6. Suppose 4*p = -4*q + 16, -b = 2*q - 5*q - 5*p. Calculate the remainder when q is divided by 3.
1
Suppose 0 = 3*q - t + 4*t - 39, 4*t - 16 = -q. Suppose -5*k - 176 = -k. What is the remainder when (-2 - -5)*k/(-6) is divided by q?
10
What is the remainder when 9 is divided by (119/(-14) - -6)/((-2)/4)?
4
Suppose 8*x - 2*x - 132 = 0. What is the remainder when x is divided by 14?
8
Calculate the remainder when 276/(-483) - 1/(-7)*529 is divided by 11.
9
Let u = -2 + 2. Let d = 0 + u. Suppose d = -2*g + 3*g - 10. What is the remainder when 28 is divided by g?
8
Let r(z) = 55*z**2 - z. Let p be r(-1). Suppose -3*g + 0*k + 37 = -4*k, 4*g - p = 2*k. What is the remainder when 42 is divided by g?
12
Suppose 0 = 2*r - 40 + 10. Calculate the remainder when 42 is divided by r.
12
Let s = 31 + -58. Let b = -12 - s. Suppose -5*d - 44 = -6*d. Calculate the remainder when d is divided by b.
14
Let u = 170 + -127. Calculate the remainder when 167 is divided by u.
38
Let a(r) = 4